 factors of 2011.
2011
What are the prime factors of 469?
7, 67
List the prime factors of 40492.
2, 53, 191
List the prime factors of 19609.
19609
What are the prime factors of 71661?
3, 23887
What are the prime factors of 60529?
7, 8647
What are the prime factors of 4846?
2, 2423
List the prime factors of 213.
3, 71
What are the prime factors of 11842?
2, 31, 191
List the prime factors of 29749.
71, 419
List the prime factors of 20141.
11, 1831
List the prime factors of 397.
397
What are the prime factors of 6313?
59, 107
List the prime factors of 31552.
2, 17, 29
List the prime factors of 319.
11, 29
What are the prime factors of 27255?
3, 5, 23, 79
List the prime factors of 5183.
71, 73
List the prime factors of 2254.
2, 7, 23
List the prime factors of 11010.
2, 3, 5, 367
List the prime factors of 7840.
2, 5, 7
What are the prime factors of 7372?
2, 19, 97
What are the prime factors of 9674?
2, 7, 691
What are the prime factors of 97047?
3, 41, 263
List the prime factors of 8439.
3, 29, 97
What are the prime factors of 607?
607
What are the prime factors of 1131?
3, 13, 29
List the prime factors of 4529.
7, 647
What are the prime factors of 1775?
5, 71
List the prime factors of 1456.
2, 7, 13
What are the prime factors of 40233?
3, 13411
What are the prime factors of 6544?
2, 409
List the prime factors of 3987.
3, 443
List the prime factors of 1069.
1069
What are the prime factors of 108431?
29, 3739
List the prime factors of 4486.
2, 2243
What are the prime factors of 53918?
2, 26959
List the prime factors of 1237.
1237
List the prime factors of 18247.
71, 257
List the prime factors of 1275.
3, 5, 17
What are the prime factors of 53101?
53101
What are the prime factors of 747?
3, 83
List the prime factors of 511.
7, 73
List the prime factors of 10300.
2, 5, 103
What are the prime factors of 960?
2, 3, 5
What are the prime factors of 157?
157
List the prime factors of 959.
7, 137
List the prime factors of 1150.
2, 5, 23
What are the prime factors of 13535?
5, 2707
What are the prime factors of 1595?
5, 11, 29
List the prime factors of 1732.
2, 433
List the prime factors of 361.
19
What are the prime factors of 6734?
2, 7, 13, 37
What are the prime factors of 824?
2, 103
What are the prime factors of 1043?
7, 149
What are the prime factors of 18489?
3, 6163
What are the prime factors of 1323?
3, 7
List the prime factors of 6652.
2, 1663
List the prime factors of 3634.
2, 23, 79
List the prime factors of 6467.
29, 223
List the prime factors of 50652.
2, 3, 7, 67
List the prime factors of 2008.
2, 251
What are the prime factors of 10667?
10667
What are the prime factors of 1715?
5, 7
List the prime factors of 10648.
2, 11
List the prime factors of 30035.
5, 6007
What are the prime factors of 19950?
2, 3, 5, 7, 19
What are the prime factors of 2988?
2, 3, 83
List the prime factors of 456.
2, 3, 19
What are the prime factors of 2460?
2, 3, 5, 41
What are the prime factors of 1344?
2, 3, 7
What are the prime factors of 34196?
2, 83, 103
What are the prime factors of 836?
2, 11, 19
List the prime factors of 25804.
2, 6451
What are the prime factors of 44570?
2, 5, 4457
What are the prime factors of 1303?
1303
What are the prime factors of 1063?
1063
List the prime factors of 32820.
2, 3, 5, 547
What are the prime factors of 41005?
5, 59, 139
What are the prime factors of 904?
2, 113
List the prime factors of 153491.
13, 11807
List the prime factors of 13813.
19, 727
List the prime factors of 84894.
2, 3, 14149
List the prime factors of 4268.
2, 11, 97
List the prime factors of 9981.
3, 1109
List the prime factors of 77523.
3, 25841
What are the prime factors of 926?
2, 463
List the prime factors of 24018.
2, 3, 4003
What are the prime factors of 19836?
2, 3, 19, 29
List the prime factors of 13512.
2, 3, 563
What are the prime factors of 2581?
29, 89
List the prime factors of 830.
2, 5, 83
List the prime factors of 38142.
2, 3, 13, 163
List the prime factors of 63048.
2, 3, 37, 71
List the prime factors of 831.
3, 277
What are the prime factors of 1008?
2, 3, 7
List the prime factors of 7183.
11, 653
List the prime factors of 2788.
2, 17, 41
List the prime factors of 36037.
36037
What are the prime factors of 1732?
2, 433
List the prime factors of 50514.
2, 3, 8419
List the prime factors of 4973.
4973
What are the prime factors of 1185?
3, 5, 79
List the prime factors of 2337.
3, 19, 41
What are the prime factors of 9541?
7, 29, 47
What are the prime factors of 1974?
2, 3, 7, 47
List the prime factors of 4188.
2, 3, 349
What are the prime factors of 29897?
7, 4271
List the prime factors of 35828.
2, 13, 53
List the prime factors of 10542.
2, 3, 7, 251
List the prime factors of 3062.
2, 1531
What are the prime factors of 32214?
2, 3, 7, 13, 59
What are the prime factors of 38176?
2, 1193
What are the prime factors of 1615?
5, 17, 19
What are the prime factors of 1184?
2, 37
List the prime factors of 1366.
2, 683
What are the prime factors of 4476?
2, 3, 373
List the prime factors of 2786.
2, 7, 199
List the prime factors of 432.
2, 3
What are the prime factors of 129543?
3, 29, 1489
What are the prime factors of 23905?
5, 7, 683
What are the prime factors of 81052?
2, 23, 881
List the prime factors of 707.
7, 101
What are the prime factors of 4212?
2, 3, 13
List the prime factors of 752.
2, 47
List the prime factors of 1549.
1549
What are the prime factors of 2346?
2, 3, 17, 23
List the prime factors of 3587.
17, 211
List the prime factors of 42007.
7, 17, 353
What are the prime factors of 3940?
2, 5, 197
List the prime factors of 1364.
2, 11, 31
List the prime factors of 12785.
5, 2557
List the prime factors of 1324.
2, 331
What are the prime factors of 4360?
2, 5, 109
What are the prime factors of 105?
3, 5, 7
What are the prime factors of 103937?
23, 4519
What are the prime factors of 16626?
2, 3, 17, 163
List the prime factors of 3729.
3, 11, 113
List the prime factors of 4923.
3, 547
List the prime factors of 1647.
3, 61
What are the prime factors of 6335?
5, 7, 181
List the prime factors of 2189.
11, 199
What are the prime factors of 50196?
2, 3, 47, 89
What are the prime factors of 1432?
2, 179
List the prime factors of 32689.
97, 337
What are the prime factors of 30859?
30859
What are the prime factors of 733?
733
What are the prime factors of 3945?
3, 5, 263
What are the prime factors of 4536?
2, 3, 7
List the prime factors of 2721.
3, 907
List the prime factors of 392.
2, 7
What are the prime factors of 44887?
44887
What are the prime factors of 49261?
49261
What are the prime factors of 960?
2, 3, 5
List the prime factors of 22828.
2, 13, 439
What are the prime factors of 8201?
59, 139
What are the prime factors of 10458?
2, 3, 7, 83
What are the prime factors of 115700?
2, 5, 13, 89
List the prime factors of 857.
857
List the prime factors of 6148.
2, 29, 53
List the prime factors of 3417.
3, 17, 67
List the prime factors of 4049.
4049
What are the prime factors of 107456?
2, 23, 73
What are the prime factors of 60804?
2, 3, 563
What are the prime factors of 415?
5, 83
What are the prime factors of 1420?
2, 5, 71
What are the prime factors of 838?
2, 419
List the prime factors of 119242.
2, 59621
List the prime factors of 52220.
2, 5, 7, 373
List the prime factors of 2039.
2039
List the prime factors of 30072.
2, 3, 7, 179
List the prime factors of 26256.
2, 3, 547
List the prime factors of 4835.
5, 967
What are the prime factors of 1638?
2, 3, 7, 13
What are the prime factors of 44098?
2, 17, 1297
What are the prime factors of 941?
941
List the prime factors of 5718.
2, 3, 953
What are the prime factors of 2609?
2609
List the prime factors of 20187.
3, 2243
What are the prime factors of 83937?
3, 7, 571
List the prime factors of 4520.
2, 5, 113
What are the prime factors of 6535?
5, 1307
What are the prime factors of 624?
2, 3, 13
What are the prime factors of 1956?
2, 3, 163
What are the prime factors of 8288?
2, 7, 37
What are the prime factors of 2375?
5, 19
List the prime factors of 89484.
2, 3, 7457
List the prime factors of 233.
233
What are the prime factors of 68259?
3, 61, 373
List the prime factors of 79031.
79031
List the prime factors of 2972.
2, 743
What are the prime factors of 40330?
2, 5, 37, 109
What are the prime 